
True
Is 107 a factor of 799076?
True
Is 143866 a multiple of 8?
False
Is 98 a factor of 9847530?
True
Is 17920 a multiple of 64?
True
Does 65 divide 103402?
False
Is 538 a factor of 971628?
True
Is 1437720 a multiple of 12?
True
Does 480 divide 407520?
True
Does 574 divide 3191699?
False
Does 148 divide 911236?
True
Does 102 divide 339150?
True
Does 49 divide 9701316?
False
Does 11 divide 2057581?
False
Does 9 divide 301473?
True
Does 114 divide 6619182?
True
Is 43 a factor of 12573931?
True
Is 1628133 a multiple of 331?
False
Is 207 a factor of 2611512?
True
Is 599 a factor of 499714?
False
Does 28 divide 57357?
False
Does 6 divide 69084?
True
Is 2538293 a multiple of 12?
False
Is 137514 a multiple of 676?
False
Does 91 divide 728?
True
Does 51 divide 38357?
False
Does 14 divide 15089345?
False
Is 452868 a multiple of 156?
True
Is 22741541 a multiple of 14?
False
Is 37 a factor of 3414184?
False
Is 1542450 a multiple of 29?
False
Is 43995 a multiple of 21?
True
Is 67 a factor of 70149?
True
Is 69832 a multiple of 29?
True
Is 13803075 a multiple of 825?
True
Does 15 divide 1973475?
True
Is 3719808 a multiple of 144?
True
Is 24388 a multiple of 17?
False
Does 2 divide 7376?
True
Is 352442 a multiple of 21?
False
Does 91 divide 26226564?
True
Is 22 a factor of 227656?
True
Is 52262 even?
True
Is 11 a factor of 17481447?
False
Is 6 a factor of 8131665?
False
Does 10 divide 86792?
False
Does 12 divide 2392404?
True
Is 905751 a multiple of 21?
True
Does 6 divide 422556?
True
Is 5892866 a multiple of 7?
True
Does 124 divide 210676?
True
Is 2028 a factor of 9251826?
False
Is 68 a factor of 1153756?
True
Does 60 divide 1450602?
False
Is 9360360 a multiple of 324?
True
Is 5151120 a multiple of 338?
True
Is 131233 a multiple of 19?
True
Is 44 a factor of 1969132?
True
Is 67 a factor of 538211?
True
Is 298393 a multiple of 179?
True
Is 31996 a multiple of 96?
False
Is 69559 a multiple of 19?
True
Is 252 a factor of 2145780?
True
Is 1047 a factor of 21394398?
True
Does 389 divide 181274?
True
Does 518 divide 386186?
False
Does 162 divide 638118?
True
Does 311 divide 1773578?
False
Does 171 divide 176301?
True
Is 253 a factor of 86526?
True
Is 13 a factor of 991770?
True
Does 13 divide 1138229?
False
Is 6249943 a multiple of 215?
False
Is 255 a factor of 4753965?
True
Is 418050 a multiple of 50?
True
Does 5 divide 660061?
False
Is 196694 a multiple of 14?
False
Is 32520 a multiple of 10?
True
Does 130 divide 106080?
True
Is 185562 a multiple of 234?
True
Is 1550997 a multiple of 147?
True
Is 96 a factor of 1867637?
False
Is 1126 a factor of 8181516?
True
Is 7579000 a multiple of 202?
False
Is 6607326 a multiple of 20?
False
Is 30 a factor of 276846?
False
Is 5 a factor of 148285?
True
Is 170 a factor of 161722?
False
Is 135898 a multiple of 34?
True
Is 191 a factor of 8099928?
True
Does 713 divide 5468710?
True
Is 342 a factor of 1054833?
False
Is 719406 a multiple of 34?
True
Is 352268 a multiple of 23?
True
Is 3 a factor of 97813?
False
Is 42 a factor of 373338?
True
Does 192 divide 493001?
False
Does 679 divide 253946?
True
Is 230 a factor of 1661939?
False
Is 5044158 a multiple of 230?
False
Is 305 a factor of 4918125?
True
Is 15 a factor of 176706?
False
Does 68 divide 89093?
False
Is 10629 a multiple of 17?
False
Is 100392 a multiple of 282?
True
Is 14 a factor of 28208?
False
Is 97 a factor of 634770?
False
Is 264999 a multiple of 8?
False
Is 942550 a multiple of 35?
True
Does 183 divide 3067527?
False
Is 7 a factor of 25662?
True
Is 163548 a multiple of 42?
True
Is 693854 a multiple of 26?
False
Is 20 a factor of 13428902?
False
Does 42 divide 3479574?
True
Is 10 a factor of 25048?
False
Does 81 divide 2576124?
True
Is 32715053 a multiple of 75?
False
Does 9 divide 588654?
True
Does 1001 divide 2304775?
False
Is 260 a factor of 2087182?
False
Is 15733843 a multiple of 74?
False
Is 256060 a multiple of 434?
True
Is 317 a factor of 914862?
True
Is 517086 a multiple of 414?
True
Is 41 a factor of 1082400?
True
Does 15 divide 315315?
True
Is 322 a factor of 3245861?
False
Is 4820158 a multiple of 8?
False
Is 1067778 a multiple of 411?
True
Does 34 divide 73236?
True
Does 9 divide 396235?
False
Is 2948948 a multiple of 1306?
True
Is 43 a factor of 79765?
True
Does 912 divide 8743344?
True
Is 194 a factor of 1226856?
True
Does 19 divide 17811647?
False
Is 230192 a multiple of 16?
True
Is 64 a factor of 125632?
True
Does 60 divide 331089?
False
Is 11 a factor of 2497?
True
Is 13 a factor of 21746140?
True
Is 23599875 a multiple of 375?
True
Is 7 a factor of 332973?
False
Is 69125 a multiple of 9?
False
Is 757 a factor of 1499181?
False
Is 920992 a multiple of 68?
True
Is 19 a factor of 17911?
False
Is 96 a factor of 1423082?
False
Is 632 a factor of 56316?
False
Does 13 divide 9671688?
True
Is 72 a factor of 20751279?
False
Is 32008 a multiple of 14?
False
Does 31 divide 2819047?
True
Does 3 divide 19509?
True
Is 768708 a multiple of 544?
False
Is 191416 a multiple of 337?
True
Does 414 divide 2044007?
False
Is 13851 a multiple of 3?
True
Is 77 a factor of 77875?
False
Is 16 a factor of 996592?
True
Does 148 divide 1560512?
True
Is 3730373 a multiple of 28?
False
Does 6 divide 2611?
False
Is 292 a factor of 171988?
True
Is 23 a factor of 281593?
False
Is 75 a factor of 1312236?
False
Is 1300215 a multiple of 87?
True
Does 398 divide 2010252?
False
Is 6523400 a multiple of 104?
True
Is 254 a factor of 36322?
True
Does 103 divide 689173?
True
Is 221144 a multiple of 22?
True
Does 16 divide 1764864?
True
Does 128 divide 2210019?
False
Is 28 a factor of 78904?
True
Does 587 divide 32906?
False
Is 428 a factor of 693360?
True
Is 13 a factor of 6188663?
True
Is 5502184 a multiple of 1265?
False
Does 199 divide 17938?
False
Does 19 divide 742026?
True
Is 1378136 even?
True
Does 23 divide 3023261?
False
Does 340 divide 239473?
False
Is 1598 a factor of 870910?
True
Is 4023001 a multiple of 365?
False
Is 560295 a multiple of 45?
True
Is 141925 a multiple of 5?
True
Is 2460484 a multiple of 631?
False
Is 7278210 a multiple of 71?
True
Is 36 a factor of 9295687?
False
Does 60 divide 9420?
True
Does 6 divide 38771?
False
Is 26 a factor of 3205652?
False
Is 193252 a multiple of 297?
False
Does 2 divide 83848?
True
Is 137 a factor of 462786?
True
Is 14984458 a multiple of 1039?
True
Is 1195976 a multiple of 5?
False
Does 666 divide 70596?
True
Is 64 a factor of 159296?
True
Is 223596 a multiple of 155?
False
Does 28 divide 18780929?
False
Does 16 divide 2862065?
False
Does 1255 divide 4781550?
True
Does 8 divide 23003?
False
Is 281664 a multiple of 32?
True
Is 284 a factor of 1056764?
True
Is 620880 a multiple of 48?
True
Is 358489 a multiple of 16?
False
Is 11000462 a multiple of 18?
False
Is 243346 a multiple of 433?
True
Is 17 a factor of 776983?
False
Is 395322 a multiple of 41?
True
Is 19 a factor of 1379552?
True
Does 12 divide 283167?
False
Is 8958270 a multiple of 9?
False
Is 19 a factor of 644186?
False
Is 41048 a multiple of 56?
True
Is 988 a factor of 2629068?
True
Is 14 a factor of 917154?
True
Does 23 divide 404454?
False
Is 63 a factor of 1209447?
False
Does 24 divide 2145432?
True
Is 7809165 a multiple of 273?
True
Is 232414 a multiple of 56?
False
Does 982 divide 1575128?
True
Is 91 a factor of 974792?
True
Does 3 divide 20585?
False
Is 14 a factor of 147642?
False
Is 1465926 a multiple of 1169?
True
Does 10 divide 22169?
False
Is 18 a factor of 669059?
False
Is 21 a factor of 79952?
False
Is 115608 a multiple of 80?
False
Is 29 a factor of 1002668?
False
Is 42 a factor of 140427?
False
Is 20 a factor of 499980?
True
Is 63 a factor of 279027?
True
Is 3927840 a multiple of 980?
True
Is 44 a factor of 23440?
False
Does 145 divide 546096?
False
Is 6699812 a multiple of 58?
True
Is 3 a factor of 16695?
True
Is 14487980 a multiple of 2164?
True
Is 15 a factor of 1694172?
False
Is 6749600 a multiple of 275?
True
Is 562910 a multiple of 622?
True
Is 238835 a multiple of 33?
False
Does 49 divide 197078?
True
Is 45 a factor of 319005?
True
Is 234450 a multiple of 225?
True
Does 11 divide 59821?
False
Is 8 a factor of 1857122?
False
Is 1378366 a multiple of 7?
False
Is 84 a factor of 3858708?
True
Is 2785497 a multiple of 41?
False
Does 1175 divide 1147975?